) = -2*u**2 - 5*u + 2 + 1 - 2 + 7*u. Give r(2).
-3
Let q be (-12)/(-9)*15/10. Let z(x) = -7*x - 2. Let g be z(-2). Suppose -6*n = -q*n - g. Let m(f) = 2*f + 2. Give m(n).
8
Let c(u) = -5 - 1 + u**2 + 8 - 4*u. What is c(4)?
2
Let r(i) = i**2 + 9*i - 8. Let p(s) = -3 - 2 + 1 + 3*s**2 + 0*s**3 + 2*s + s**3. Let u be p(-3). Let z be r(u). Let t(o) = o**2 - 4*o - 1. Determine t(z).
-5
Let s = 1 + 1. Let i(r) = 3*r**2 + 2*r**s - 6*r - 7*r**2 - 3 + 4*r - r**3. Determine i(-2).
1
Let d(m) = m**2 + 3*m + 3. Let l be 6/21 + 37/(-7). Let c = l + 9. Let p be c/18 + 76/(-18). What is d(p)?
7
Let y(g) be the second derivative of g**5/20 + g**4/6 + g**3/6 + g**2 + g. Determine y(-2).
0
Suppose 4*a + 17 = 5. Let h(l) = 4*l**3 - 4*l**2 - 9*l + 3. Let k(b) = b**3 - b. Let n(s) = a*k(s) + h(s). Let j = 79 + -74. Give n(j).
-2
Let l be 4/14 + 24/14. Suppose -8 = l*q - 3*q - y, -4*y = -20. Suppose 0 = q*s + 12. Let i(v) = v**2 + 4*v - 4. What is i(s)?
-4
Let d be (4 - 0) + 0 + 0. Let r be ((-3)/(-4))/(1/d). Let h(a) = -4 - a + r + 0. Give h(-4).
3
Suppose -3*b = 14 + 10. Let j(c) = 4*c + 3. Let t(o) = 6*o + 4. Let w(r) = b*j(r) + 5*t(r). What is w(-5)?
6
Let f(p) be the second derivative of -p**4/12 - 5*p**3/6 + 7*p**2/2 - 6*p. Calculate f(-5).
7
Let x be (111/(-15) + 6/15)*1. Let n(s) = -s + 6. What is n(x)?
13
Let u(o) = o**3 - 7*o**2 + 6*o + 8. Let p be (-12)/((-1)/(4/8)). Determine u(p).
8
Let x = 11 - 6. Suppose 3*d = 4*d - x. Suppose d*y - 11 = -1. Let g(t) = -2*t**2 - 2*t + 3. Calculate g(y).
-9
Let v(o) = -o**3 - 9*o**2 - 9*o - 11. Let z be v(-8). Let t(q) = 0 + 0 + 3*q**2 + q**3 + q - 1. Give t(z).
-4
Let t(g) = -g**2 + 2*g - 3. Let b(y) = -2*y**2 + 3*y - 6. Let l(s) = 3*b(s) - 5*t(s). Suppose 2*u - 3*f = -8, 5*u - 4*f = f - 20. Determine l(u).
-15
Let w(i) be the third derivative of 1/120*i**6 + 1/12*i**5 + 0 - 6*i**2 + 0*i - 5/6*i**3 - 1/12*i**4. What is w(-5)?
5
Let j(f) be the third derivative of f**8/20160 - f**7/1260 + f**5/60 + 2*f**2. Let u(v) be the third derivative of j(v). Determine u(4).
0
Let f(c) = 2*c. Let r be ((-2)/6)/((-3)/(-27)). Calculate f(r).
-6
Let z(s) = 3*s**2 - 38*s + 18. Let q(t) = -t**2 + 13*t - 6. Let g(j) = 11*q(j) + 4*z(j). What is g(8)?
-2
Suppose -3*b + 25 = 2*b. Suppose 0*j - 27 = -4*j - 5*d, 3*j - 3*d = 0. Let a(m) = 2 - 3 + j*m - 6. What is a(b)?
8
Let w(q) = -q**3 - 3 + 5*q**2 + 9*q + 11*q - 23*q. Determine w(5).
-18
Let z(n) = 2*n - 3. Suppose -v - 6 = -4*v. Suppose -t = -4*s + 2 - 1, 0 = 4*s. Let r be t - -1 - 1 - v. Give z(r).
-9
Let y(c) be the third derivative of -c**7/630 - c**6/360 + c**5/120 + c**4/8 + c**2. Let z(u) be the second derivative of y(u). Determine z(1).
-5
Let j(f) = f**2 + f + 2. Let z = 8 + -11. Give j(z).
8
Let x(k) = 2*k**2 - 4*k + 3. Suppose -7*w - w + 24 = 0. What is x(w)?
9
Let v(o) = o**2 + 2*o + 3 - 2 - 2*o**2. Let u be 2/(-2) + 15/3. What is v(u)?
-7
Let h(p) = -p**3 + 2*p**2 - 2*p + 2. Let r = -11 - -13. Give h(r).
-2
Let b(a) be the second derivative of -a**4/12 + 2*a**3/3 + a**2 + 7*a. Give b(6).
-10
Let n(x) = -x - 3. Suppose -2*v + 1 = -3. Let h be (8/(-6))/(v/3). Determine n(h).
-1
Let m(j) = -j**3 - 5*j**2 + 4*j - 3. Let n = -32 - -26. Give m(n).
9
Let o(q) = q**3 - 5*q**2 - 6*q - 1. Let w = -1 + 1. Suppose -3*d - 6 = -r, w*d - 3*d + 6 = -5*r. Let g = 9 + r. Determine o(g).
-1
Let j(g) = g**3 - 6*g**2 + 2*g - 9. Let w be j(6). Let t(z) = 5*z**2 - 6 + 0*z - z**w + 2*z**3 - z. Give t(-5).
-1
Let p(h) = -15*h**2 + 12*h + 1. Let d(n) = -45*n**2 + 34*n + 3. Let c(r) = 6*d(r) - 17*p(r). Let v = 4 + -3. Determine c(v).
-14
Suppose 0 = -2*l - 6*l + 32. Let h(a) = -3*a + 2. Determine h(l).
-10
Suppose 0 = -6*h + 2*h + 64. Suppose 2*k - 6*k = h. Let m be 8/(-1)*(-2)/k. Let n(b) = -b - 3. Give n(m).
1
Let h(c) = -c + 8. Suppose -3*v - 4 = -22. Calculate h(v).
2
Let s(k) = 2*k**2 + 2*k + 1. Let r be s(-1). Let n = 24 + -4. Let f(p) = n*p - 20*p - 2*p**3. Calculate f(r).
-2
Suppose d + 4*x - 2 = 6, 4*x = 8. Let s(n) = n**2 + n + 6. Determine s(d).
6
Let u(k) = -2*k. Let d(n) = 11*n + 1. Let y(q) = 2*d(q) + 10*u(q). Determine y(2).
6
Let d be 1*(3 + (1 - 2)). Let l(k) be the first derivative of -3*k**2 + 4*k - 1. Let x(r) = 3*r - 2. Let s(c) = -3*l(c) - 7*x(c). Calculate s(d).
-4
Let j(u) be the first derivative of u**3/3 - u**2/2 + u - 4. Give j(0).
1
Let c(b) = b**2 - 1. Let s be c(-1). Let n be ((-1)/(-3))/(1/9). Let i(j) = -j - n + s + 3. Give i(-5).
5
Let v be 2/(-3) - 46/(-6). Let k be (-4)/14 + 37/v. Let f(j) be the third derivative of j**5/60 - 7*j**4/24 + 7*j**3/6 + 2*j**2. Determine f(k).
-3
Let d = -2 - 2. Let o(h) = -h**3 + 6*h**2 + 5*h + 6. Let p(m) = -m**3 + 6*m**2 + 4*m + 5. Let s(v) = d*o(v) + 5*p(v). Calculate s(6).
1
Let r(w) = 37*w**2 + w. Let k(j) = 16*j**2 + j. Let v(d) = 7*k(d) - 3*r(d). Suppose 12 = -2*o - o - n, -3*o = 2*n + 9. Calculate v(o).
5
Let m(h) be the first derivative of -2/3*h**3 - 2 + 1/6*h**4 + 2*h + 1/2*h**2. Let w(k) be the first derivative of m(k). What is w(3)?
7
Let j(u) = -u**3 - 6*u**2 - 4*u + 6. Let b be ((-10)/4)/((-1)/(-2)). Determine j(b).
1
Let w(t) be the first derivative of -1 - 2*t - 1/2*t**2. Let m = 5 - 9. What is w(m)?
2
Let h(a) = 4*a**2 + 6*a - 5. Let s(q) = 7*q**2 + 12*q - 10. Let j(p) = -5*h(p) + 3*s(p). What is j(-5)?
-10
Suppose 3*f = 6*f + 15. Let p(o) = -o - 13. Let b(k) = -k - 14. Let h(j) = -4*b(j) + 5*p(j). Calculate h(f).
-4
Let j(i) be the second derivative of 7*i**4/12 - i**3/6 + 2*i. Let g(c) = 2*c**2 + 2*c + 1. Let a be g(-1). Give j(a).
6
Let s = 2 + 0. Let k(j) be the second derivative of j**6/360 - j**5/120 + j**4/12 + j**3/6 - 2*j. Let f(u) be the second derivative of k(u). What is f(s)?
4
Let m = 3 + -2. Let a(x) = 358*x - 1 + 3*x**2 - 358*x - x**2. Give a(m).
1
Let n be (-6)/(-5)*60/24. Let z(k) = 2*k + 3. Give z(n).
9
Let q(r) = -r**3 + 8*r**2 - 4*r - 4. Let g(f) = -f**3 + 9*f**2 - 5*f - 4. Let k(y) = 3*g(y) - 4*q(y). What is k(3)?
-11
Let w(n) be the second derivative of -1/20*n**5 + 0 + n + 2/3*n**3 - 1/4*n**4 + 2*n**2. Let t = -357 - -354. Determine w(t).
-8
Let x(v) = 5*v**3 - 6*v**2 + 5*v - 7. Let l(r) = 3*r**3 - 3*r**2 + 3*r - 4. Suppose -8 = 5*b - 3*b. Let y(g) = b*x(g) + 7*l(g). Determine y(-2).
2
Let r(j) = -j + 1. Let o(q) = -3*q + 7. Let d(f) = o(f) - 2*r(f). What is d(3)?
2
Suppose -4*u + 2 = -10. Let n(c) = u*c**2 - 4 - 3 + 9 - 2*c - 1 - c**3. Give n(3).
-5
Let j(l) be the second derivative of -l**5/20 - l**4/4 + l**3/6 - l**2/2 - 29*l. Give j(-2).
-7
Let a(o) = -8*o**2 + o - 5. Let t(m) = 7*m**2 - m + 4. Let x(g) = -6*a(g) - 7*t(g). Determine x(-2).
-4
Let a(t) = 2*t**2 - t. Let d = 4 + -3. Calculate a(d).
1
Let l(b) = -b - 8. Let c(s) = s**2 + 7*s + 2. Let j be c(-6). Give l(j).
-4
Let s(q) = -q**2. Let b(p) = p**3 + 2*p - 1. Let z(c) = -b(c) - 3*s(c). Let n(a) = -2*a - 3. Let v be n(-3). Determine z(v).
-5
Let z(x) = -4*x**3 - 3*x**2 + 4*x - 4. Suppose -5*b = 4 + 21. Let t(j) = -7*j**3 - 5*j**2 + 7*j - 9. Let p(q) = b*z(q) + 3*t(q). What is p(0)?
-7
Let i(v) = 4*v**3 - 5*v**2 + 2*v + 4. Let b(d) = -3 + 3*d**2 - 3*d**3 - 3*d + 5*d**2 - d**2 - 2*d**2. Let q(o) = -5*b(o) - 4*i(o). Calculate q(-6).
-7
Let x(h) = -3*h**3 - 6*h**2 + 8*h - 2. Let b(u) = -4*u**3 - 6*u**2 + 8*u - 3. Let q(o) = 2*b(o) - 3*x(o). Give q(-7).
7
Let g be (-1)/3 - (-26)/6. Let r(x) = 4*x + x**2 - x - g*x. Give r(0).
0
Let x(t) be the first derivative of 1 + 1/24*t**4 + 3/2*t**2 + 0*t**3 + 0*t. Let b(h) be the second derivative of x(h). What is b(-1)?
-1
Let p(x) = 2*x**3 + 2*x**2 + x. Let s = -20 + 18. Give p(s).
-10
Let w(g) = g**3 + 4*g**2 + 1. Suppose 0 = -4*b + 2*b + 2. Let n be 1/b*(3 - 6). Give w(n).
10
Let m(o) be the third derivative of -1/60*o**5 + 1/6*o**3 - o**2 + 7/120*o**6 + 1/24*o**4 + 0*o + 0. Let q be ((-1)/(-3))/((-2)/6). Calculate m(q).
-8
Suppose 0 - 5 = 5*b. Let d = -1 - b. Let a(o) = -2 - o**3 - o + 14*o**2 - 5*o**2 + d*o - 5*o**2. Calculate a(4).
-6
Let j(k) = -k - 13. Let c(o) = -3*o - 38. Let d(z) = -6*c(z) + 17*j(z). Calculate d(-5).
2
Suppose -2*d = d + 9. Let o(u) be the third derivative of u**4/24 - u**3/6 - 3*u**2. What is o(d)?
-4
Let h(b) = b - 6. Let j be h(8). Let d(m) = 3*m**2 - 4*m + 2. Calculate d(j).
6
Let s = -13 + 4. Let b(l) = -l**3 - 9*l**2 + l + 8. Determine b(s).
-1
Let s(p) = 104*p**3 +